{"id":281,"date":"2012-10-23T17:41:20","date_gmt":"2012-10-23T17:41:20","guid":{"rendered":"http:\/\/www.funnyprops.com\/?page_id=281"},"modified":"2016-05-20T06:32:00","modified_gmt":"2016-05-20T06:32:00","slug":"cotizaciones-personalizadas","status":"publish","type":"page","link":"http:\/\/www.funnyprops.com\/?page_id=281","title":{"rendered":"Cotizaciones personalizadas"},"content":{"rendered":"<div class=\"frm_forms  with_frm_style frm_style_formidable-style\" id=\"frm_form_8_container\" >\n<form enctype=\"multipart\/form-data\" method=\"post\" class=\"frm-show-form \" id=\"form_911ld5\" >\n<div class=\"frm_form_fields \">\n<fieldset>\n\r\n<div class=\"frm_fields_container\">\n<input type=\"hidden\" name=\"frm_action\" value=\"create\" \/>\n<input type=\"hidden\" name=\"form_id\" value=\"8\" \/>\n<input type=\"hidden\" name=\"frm_hide_fields_8\" id=\"frm_hide_fields_8\" value=\"\" \/>\n<input type=\"hidden\" name=\"form_key\" value=\"911ld5\" \/>\n<input type=\"hidden\" name=\"item_meta[0]\" value=\"\" \/>\n<input type=\"hidden\" id=\"frm_submit_entry_8\" name=\"frm_submit_entry_8\" value=\"6f8ccd627d\" \/><input type=\"hidden\" name=\"_wp_http_referer\" value=\"\/index.php?rest_route=%2Fwp%2Fv2%2Fpages%2F281\" \/><div id=\"frm_field_97_container\" class=\"frm_form_field form-field  frm_required_field frm_top_container frm_left_half\">\r\n    <label class=\"frm_primary_label\">Nombre\r\n        <span class=\"frm_required\">*<\/span>\r\n    <\/label>\r\n    <input type=\"text\" id=\"field_ekahu4\" name=\"item_meta[97]\" value=\"\"  data-reqmsg=\"Nombre cannot be blank\" aria-required=\"true\" data-invmsg=\"Nombre no es v\u00e1lido\" aria-invalid=\"false\"  \/>\r\n    \r\n    \r\n<\/div>\n<div id=\"frm_field_98_container\" class=\"frm_form_field form-field  frm_required_field frm_top_container frm_full\">\r\n    <label class=\"frm_primary_label\">Email\r\n        <span class=\"frm_required\">*<\/span>\r\n    <\/label>\r\n    <input type=\"email\" id=\"field_eqbni4\" name=\"item_meta[98]\" value=\"\"  data-reqmsg=\"Email cannot be blank\" aria-required=\"true\" data-invmsg=\"Please enter a valid email address\" aria-invalid=\"false\"  \/>\r\n    \r\n    \r\n<\/div>\n<div id=\"frm_field_99_container\" class=\"frm_form_field form-field  frm_required_field frm_top_container frm_full\">\r\n    <label class=\"frm_primary_label\">Numero de invitados\r\n        <span class=\"frm_required\">*<\/span>\r\n    <\/label>\r\n    <input type=\"text\" id=\"field_6f8x8e\" name=\"item_meta[99]\" value=\"\"  data-reqmsg=\"Numero de invitados cannot be blank\" aria-required=\"true\" data-invmsg=\"Numero de invitados no es v\u00e1lido\" aria-invalid=\"false\"  \/>\r\n    \r\n    \r\n<\/div>\n<div id=\"frm_field_100_container\" class=\"frm_form_field form-field  frm_required_field frm_top_container frm_full\">\r\n    <label class=\"frm_primary_label\">Productos a cotizar\r\n        <span class=\"frm_required\">*<\/span>\r\n    <\/label>\r\n    <textarea name=\"item_meta[100]\" id=\"field_jf06qe\" rows=\"5\"  data-reqmsg=\"Productos a cotizar cannot be blank\" aria-required=\"true\" data-invmsg=\"Productos a cotizar no es v\u00e1lido\" aria-invalid=\"false\"  ><\/textarea>\r\n    \r\n    \r\n<\/div>\n<div id=\"frm_field_101_container\" class=\"frm_form_field form-field  frm_none_container\">\r\n    <label class=\"frm_primary_label\">C\u00f3digo de seguridad:\r\n        <span class=\"frm_required\"><\/span>\r\n    <\/label>\r\n    <div  id=\"field_j1mn8v\" class=\"frm-g-recaptcha\" data-sitekey=\"6LcJMNcSAAAAAITXfVyr18RRhtlf_SDbBxtDtJDn \" data-size=\"normal\" data-theme=\"light\"><\/div>\r\n    \r\n    \r\n<\/div>\n\t<input type=\"hidden\" name=\"item_key\" value=\"\" \/>\n\t\t\t<div id=\"frm_field_177_container\">\n\t\t\t<label for=\"field_zmzvv\" >\n\t\t\t\tSi eres humano, deja este campo en blanco.\t\t\t<\/label>\n\t\t\t<input  id=\"field_zmzvv\" type=\"text\" class=\"frm_form_field form-field frm_verify\" name=\"item_meta[177]\" value=\"\"  \/>\n\t\t<\/div>\n\t\t<input name=\"frm_state\" type=\"hidden\" value=\"MQ9tNWuoKa8vEr8IAaR3o9L+HCKOSrOMGV5uJx5dbuE=\" \/><div class=\"frm_submit\">\n\n<button class=\"frm_button_submit\" type=\"submit\"  >Enviar<\/button>\n\n<\/div><\/div>\n<\/fieldset>\n<\/div>\n\n<\/form>\n<\/div>\n\n<p style=\"text-align: right;\"><span style=\"color: #ffff99;\">Correo:<span style=\"text-decoration: underline;\"><span> info@Funnyprops.com<\/span><\/span><\/span><\/p>\n<p style=\"text-align: right;\"><span style=\"color: #ffff99;\">CDmx, M\u00e9x.<\/span><\/p>\n<p style=\"text-align: right;\"><span style=\"color: #ffff99;\">Canc\u00fan, M\u00e9x.<\/span><\/p>\n","protected":false},"excerpt":{"rendered":"<p>Correo: info@Funnyprops.com CDmx, M\u00e9x. Canc\u00fan, M\u00e9x.<\/p>\n","protected":false},"author":1,"featured_media":0,"parent":0,"menu_order":0,"comment_status":"closed","ping_status":"closed","template":"","meta":{"footnotes":""},"class_list":["post-281","page","type-page","status-publish","hentry"],"_links":{"self":[{"href":"http:\/\/www.funnyprops.com\/index.php?rest_route=\/wp\/v2\/pages\/281","targetHints":{"allow":["GET"]}}],"collection":[{"href":"http:\/\/www.funnyprops.com\/index.php?rest_route=\/wp\/v2\/pages"}],"about":[{"href":"http:\/\/www.funnyprops.com\/index.php?rest_route=\/wp\/v2\/types\/page"}],"author":[{"embeddable":true,"href":"http:\/\/www.funnyprops.com\/index.php?rest_route=\/wp\/v2\/users\/1"}],"replies":[{"embeddable":true,"href":"http:\/\/www.funnyprops.com\/index.php?rest_route=%2Fwp%2Fv2%2Fcomments&post=281"}],"version-history":[{"count":5,"href":"http:\/\/www.funnyprops.com\/index.php?rest_route=\/wp\/v2\/pages\/281\/revisions"}],"predecessor-version":[{"id":1577,"href":"http:\/\/www.funnyprops.com\/index.php?rest_route=\/wp\/v2\/pages\/281\/revisions\/1577"}],"wp:attachment":[{"href":"http:\/\/www.funnyprops.com\/index.php?rest_route=%2Fwp%2Fv2%2Fmedia&parent=281"}],"curies":[{"name":"wp","href":"https:\/\/api.w.org\/{rel}","templated":true}]}}